(p). Calculate o(1).
15
Let f(c) = -5992 - 3*c**3 + 5991 + 2*c**3 + 2*c**2. Determine f(3).
-10
Let f(k) = k - 6*k**2 - 9*k + 6 + 5*k**2 - 2. Calculate f(-9).
-5
Let g(m) = m**3 - 5*m**2 - 9*m + 2. Suppose 5*p - 4*u = -54 - 70, -4*u - 156 = 5*p. Let a be (-4)/(-10) + (-5)/(25/p). Determine g(a).
-16
Suppose -w - 2 = -3*u - 11, w - 34 = -2*u. Let k(q) = -27 + 4*q + 3*q**2 - q**2 + w. Calculate k(-4).
13
Let k(t) = t**3 + 4*t**2 - 1. Let v be (3/6)/((-1)/(-8)). Let c be (-260)/(-22) + 1 - (-14)/77. Suppose b = v, 4*b - c = -2*p + p. Determine k(p).
8
Let i = -37 - -37. Suppose i = -8*x + x - 35. Let b(s) = s + 7. Calculate b(x).
2
Let p(d) be the first derivative of d**4/4 - 3*d**3 + d + 209. Determine p(9).
1
Let w(x) = -x**3 - 5*x**2 - 6*x - 2. Let v(c) = c**2 - 3*c - 8. Let h be 7 + 8/((-24)/9). Let l be v(h). What is w(l)?
6
Let j(g) = g + 6. Let i = -9 + 14. Let k(w) = -i*w**3 - 6*w + 3*w**3 + 3*w**3 + 0*w**3 - 4*w**2. Let l be k(5). What is j(l)?
1
Let k(y) = -y**2 + 2*y + 1. Let g = 24 + -19. Let o(j) = j**3 - 4*j**2 - 8*j + 14. Let r be o(g). What is k(r)?
-2
Let d(a) = 6*a. Let v be d(-2). Let q(l) = l**3 + 13*l**2 + 9*l - 24. Calculate q(v).
12
Let z(b) = -2*b + 2. Let h be ((44/8)/11)/(2/8). Give z(h).
-2
Let b(k) = 13*k + 5. Let g(x) = -6 - 1 - 12*x + 3. Let l(d) = -5*b(d) - 6*g(d). Determine l(-2).
-15
Let t(g) = 6*g + 22. Let p be t(-4). Let d(j) = -16*j - 5. Determine d(p).
27
Let y(z) be the second derivative of -z**4/12 + 2*z**3/3 - z. Suppose -68 - 4 = -18*f. Give y(f).
0
Suppose -2*d + 7 = -3. Let r = -1 - d. Let j(h) = 2*h**2 + 26*h - 7. Let c(i) = -i**2 - 12*i + 4. Let q(w) = -7*c(w) - 3*j(w). What is q(r)?
-7
Let r(b) = -b**3 - 6*b**2 + 24*b**2 - 10*b**2 - 22*b**2 - 13*b. What is r(-13)?
0
Let d(n) = 4*n - 2. Let h be d(2). Let f(p) = -p**3 + 2*p**2 + 2*p - 1. Let a(l) = l**3 - l**2 - 2*l + 1. Let b(j) = 4*a(j) + 5*f(j). Determine b(h).
11
Suppose 0 = -62*i + 66*i - 24. Let w(c) = -3*c + 2*c + 2*c - 4*c. Calculate w(i).
-18
Let g(h) = h + 4. Suppose -13*j = -43*j - 420. What is g(j)?
-10
Let i(w) = 9*w + w**2 + 3*w**2 + 2*w**2 - 7*w**2. Let l be 3/(30/21 - 1). Calculate i(l).
14
Let b(z) = z. Let m(a) = -3*a + 3. Let f be m(-11). Suppose 4*n - f = -4*i, -1 = 5*n - 5*i + 4. What is b(n)?
4
Let b(r) = -r**3 - 4*r**2 + 2*r - 1. Let o(f) = -f**2 - 7*f - 8. Let i be o(-5). Suppose -i*z - 12 = -2. Give b(z).
14
Let p(s) = 2*s + 13. Suppose 0 = l + 28 - 22. What is p(l)?
1
Suppose 0 = -5*d - 0 + 5. Let i be (d/(-3 - -4))/1. Let o(z) be the second derivative of -z**4/6 + z**3/6 - z**2/2 + 38*z. What is o(i)?
-2
Let x(q) = -q - 20. Let z be x(-21). Let t(o) = o - 13*o**3 - 4*o + 9*o**3 - z + 2*o + o**2. Let n(p) = p**2 - 7*p + 5. Let a be n(6). What is t(a)?
5
Let o be (-3 + 0 + 3)/1. Suppose -3*m = -o*m - 9. Let g(i) = -4*i - 7. Let f(h) = 2*h + 4. Let u(l) = 5*f(l) + 3*g(l). Calculate u(m).
-7
Let q(t) be the second derivative of t**5/20 - t**4/2 + 4*t**3/3 - 2*t**2 + 2*t + 266. Suppose 0 = 5*r - r - 20. Determine q(r).
11
Let b(l) = -l. Let y(g) = -7*g + 8. Let u(x) = 6*b(x) - y(x). Let q = -19 + -26. Let v = q + 51. What is u(v)?
-2
Let p = -64 - -69. Suppose -27 = -p*q + 8*q. Let v(z) = z**3 + 9*z**2 - 4. Determine v(q).
-4
Suppose 0 = 4*l - 22 + 14. Let q(i) = -8 - i**l - 4 + 5 + 3. Calculate q(0).
-4
Let b(m) = 2073*m**2 + 2084*m**2 - 5 - m**3 - 2*m - 4166*m**2 + 5*m. Calculate b(-9).
-32
Let q(l) = 5*l**3 + 16*l**2 + 4*l + 5. Let y(p) = 6*p**3 + 18*p**2 + 5*p + 5. Let o(w) = -5*q(w) + 4*y(w). Determine o(-8).
-5
Let c be (-5)/((-50)/(-4)*(-1)/5). Suppose c*o - 36 = -7*o. Let v(w) = -w**3 + 4*w**2 + w - 1. Give v(o).
3
Let x(a) = 540 - 15*a - a**2 + 5*a**2 - 2*a**2 - a**2 - 549. Give x(16).
7
Let h(o) be the second derivative of -o**3/6 - 5*o**2/2 + 5*o - 4. What is h(-6)?
1
Suppose -2*n = -4 + 12. Let z(s) be the third derivative of s**5/120 + s**4/8 - 2*s**3 - 11*s**2. Let y(b) be the first derivative of z(b). Determine y(n).
-1
Let a be (3 - (7 + 1))*-1. Let g(d) = 2*d - a + 5 - d + d**2. Let f = -55 + 56. Determine g(f).
2
Let z be (-10)/8 - (-42)/168. Let f(v) = 4*v - 5*v**3 - 2*v**2 - 5*v + 0*v**2. What is f(z)?
4
Let u(d) = -d**2 - 7*d - 4. Let h(b) = b**3 + 14*b**2 - 15*b + 15. Let v be h(-15). Let o = 10 - v. Give u(o).
6
Let g(j) be the third derivative of -j**6/720 - j**5/120 - 13*j**4/24 - 33*j**2. Let y(c) be the second derivative of g(c). Determine y(3).
-4
Let d(s) = -5*s**2 - 3*s + 1. Let o(f) = f**2 + 2*f - 1. Let q(k) = -d(k) - 4*o(k). Calculate q(4).
-1
Suppose 3*i - 1023 - 42 = 0. Let u(a) = -356*a + 3*a**2 + i*a + 2 + 2 - 2*a**2. Give u(4).
16
Let v(g) = g - 8. Let z be v(4). Let q(r) = -3*r - 4. Give q(z).
8
Let h be (-345)/(-39) - 2/(-13). Let d(c) = h*c + 2 - 4*c - 8 - c**2. Let f be 2*10/4*1. What is d(f)?
-6
Let m(d) = -d**3 + 3*d**2 + 3*d - 6. Suppose -11*a = -12*a. Suppose 0 = -4*t - 3*c + 45, -2*c = 3*t - a*t - 33. Let n = t + -5. Calculate m(n).
-10
Suppose 3 = 2*n - 1. Let q(o) = -4 + n + o + 3. Let x be -6 - 2/(-6)*60/10. Determine q(x).
-3
Suppose 51 = -5*a + 3*o - 0*o, -4*a - 3*o = 30. Let u(z) = z**3 + 9*z**2 - 4*z - 7. What is u(a)?
29
Let d(p) = 3 - 6 - 7*p**2 + 9*p**3 - 8*p**3 - 1. What is d(7)?
-4
Let f(k) = k**3 + 3*k**2 + 4*k + 4. Let i(l) = l**3 - 5*l**2 + 5*l - 7. Let h be i(5). Suppose 6*r = -0*r - h. Determine f(r).
-8
Suppose 30 + 2 = 4*p - 2*x, p - 3*x - 18 = 0. Let s(m) be the third derivative of m**6/120 - 7*m**5/60 + m**4/6 + 7*m**3/6 - 2*m**2. What is s(p)?
-5
Let h(n) = -1322*n**3 + 1321*n**3 + n - 10*n**2 + 1 - 5*n**2. Give h(-15).
-14
Let l(j) = -j**2 - 8*j - 8. Suppose -2*s - 15 = -3*s - 4*w, -30 = 3*s - 3*w. Calculate l(s).
7
Let c be (-2)/7 + (-3)/(126/114). Let u(k) = -k**3 - 4*k**2 - 6*k. Calculate u(c).
9
Let u(h) = -2*h + 2. Suppose 17*p = 7 + 27. Give u(p).
-2
Let f(a) = 284 - 281 + 14*a - 7*a. Let q(h) be the second derivative of -h**3 - h**2 - h. Let d(t) = 5*f(t) + 6*q(t). Give d(0).
3
Suppose 3*i - 3*l - 15 = 0, -11*l = i - 8*l - 1. Let o(v) be the third derivative of -v**6/120 + v**5/12 - v**4/4 + 2*v**3/3 + 3*v**2. Calculate o(i).
-4
Let z(t) = 6*t**2 - 7*t - 1. Let h(j) = 13*j**2 - 15*j - 3. Let n be (-1 - ((-6)/2 - -11))/(-1). Let m(v) = n*z(v) - 4*h(v). What is m(2)?
5
Suppose -3*j - 2*j + 15 = 0. Let f(r) = 1 + 0 + j*r**2 - 4*r**2. Suppose -1 = o - 4. Determine f(o).
-8
Let t(a) be the third derivative of -a**6/120 - a**5/30 + a**4/24 - a**3/6 + 354*a**2. Let c(k) = k**2 - 7*k + 4. Let s be c(6). What is t(s)?
-3
Let b be 2/(-7) + (-60)/(-14). Suppose -5*j = -4*k - 25, 4*j - 20 = 4*k - 0*j. Let l(x) = -9*x**2 - 2 + 6 + x**3 + k*x**3 + 4*x**2. Give l(b).
-12
Let q(v) be the second derivative of -v**6/120 + v**5/15 - v**4/24 + 2*v**3/3 + 3*v**2 - 14*v. Let z(x) be the first derivative of q(x). Calculate z(3).
10
Suppose 0 = 5*a - 4*q + 41, 3*q + 7 = a + 6*q. Let x(m) = 2 - 1 - 12 + 6 + 3*m. What is x(a)?
-20
Suppose -229*w = -5*a - 226*w - 12, -24 = a + 3*w. Let d(m) = -9*m - 9. Let j(v) = 4*v + 4. Suppose 0 = -s + 4 + 1. Let r(q) = s*j(q) + 2*d(q). Determine r(a).
-10
Let d(f) be the second derivative of 0 + 0*f**3 - 3/2*f**4 - 8*f - 1/2*f**2. Determine d(-1).
-19
Let n(q) = 4*q**2 - 4 + 2*q - 3*q + q**3 + q**2. Suppose -135 = -8*f - 15. Suppose 0 = x + 4, -3*x + f = 3*v + 42. Give n(v).
1
Let a = -34 + 38. Suppose -12 = 8*q + a. Let m(k) be the second derivative of -k**4/6 - k**3/3 - k**2 - k. Determine m(q).
-6
Let j(f) = f**2 - 6*f. Let a = 18 + -41. Let n = 28 + a. Calculate j(n).
-5
Let c(h) = -h**3 + 3*h**2 - 5*h + 4. Suppose 0 = -4*m + 5*l + 11, 3*m - 11 = l - 0. Calculate c(m).
-32
Suppose -5*g - i = 29, 5*g = -5*i + i - 26. Let w(u) = u**3 + 5*u**2 - 6*u + 4. What is w(g)?
4
Let y(h) = -h**3 + 8*h**3 - 4*h**2 - 8*h**3 + 3*h + 3. What is y(-4)?
-9
Let c(v) = 3*v + 1. Let n be c(-1). Let b(a) = -4*a**2 - a + 477 - 2*a - 480 + 6*a**2 + 2*a**3. Calculate b(n).
-5
Let a(v) be the first derivative of -7*v**3/3 + 3*v**2/2 - 7*v - 1. Let q be (1/4*3)/((-3)/24). Let c(d) = d**2 + 1. Let g(n) = q*c(n) - a(n). Determine g(2).
-1
Suppose 0 = t - 4*t. Let v(p) be the first derivative of -p**4/4 - p**2/2 + 8*p - 175. Determine v(t).
8
Let j(u) = -114 + 212 - 99 - u**2 - 2*u**3 + u. Determine j(2).
-19
Suppose -4*r + 16 = -16. Let y(b) = -r*b - 11 + 6 + 3 -